uppose 4*a = a + 9. Suppose 3*z - 5*w = l, a*z - 799 = -0*w + 4*w. Is z a prime number?
False
Let v(g) be the second derivative of 5*g + 1/3*g**3 + g**2 + 1/4*g**4 + 0. Is v(-3) composite?
False
Let p(c) = 229*c - 3. Let b = -32 + 33. Is p(b) a prime number?
False
Let j(o) = -2*o**3 + 92*o**2 - 25*o + 89. Is j(44) composite?
False
Let n = 1004 + -1831. Let l = 1537 + n. Suppose 4*k - l = 1182. Is k a prime number?
False
Suppose 125870 + 29307 = 11*g. Is g composite?
False
Let l(c) = 90*c**2 - 5*c + 16. Is l(13) prime?
True
Is (10 + -4)*-1 + 2327 composite?
True
Suppose 2*l - 3*l = -403. Is l a composite number?
True
Let j(n) = -2*n**2 + 15*n - 13. Let z be j(6). Is z + -3 + 53 + 4 composite?
False
Suppose -4*g + 5942 = 922. Is g a prime number?
False
Suppose j - 20*r = -22*r + 2401, -9613 = -4*j - 5*r. Is j a composite number?
True
Suppose 0 = -3*m - 1505 + 272. Let s = 622 + m. Is s a composite number?
False
Suppose 2*m - 3*a = 2634, -5*m + 2*a + 6580 = -3*a. Suppose 6*q + 4*w = q - 6528, -m = q + 5*w. Is ((-2)/4)/(4/q) a composite number?
False
Suppose 1242*x - 514 = 1241*x. Is x a prime number?
False
Suppose 0 = -3*c - 4*w + 613, 4*c - 3*w - 437 = 2*c. Is c a prime number?
True
Let j = -22033 - -33752. Is j a composite number?
False
Let s = 1981 + 4048. Is s composite?
False
Let f(v) = 220*v**2 - 25*v + 92. Is f(13) composite?
False
Let n = 65 - -928. Suppose 3*v = 846 + n. Is v prime?
True
Let d be (8/3)/1*(7 - 10). Let n(f) = -3*f + 11. Let v(p) = 2*p - 11. Let x(m) = 5*n(m) + 4*v(m). Is x(d) a composite number?
False
Let o = 111 + -52. Is o a composite number?
False
Is 5/25 + 5754/5 a prime number?
True
Let n = 643 + -639. Let z = 1 + -1. Is 539 + z + (n - 2) composite?
False
Let c(z) = 2*z + 0*z**2 - 2 - 8*z + z**2 + 3. Suppose 4*k + 21 = 2*k - o, 0 = 3*k - 3*o + 27. Is c(k) composite?
True
Is 1*-2*(-5 + 7) - -10803 composite?
False
Let s(n) = 1582*n + 7. Let t be s(1). Suppose -5*h - t = -2*o, 5*o - 2232 - 1757 = -4*h. Is o a prime number?
True
Let v(k) = -k + 9. Suppose 3*y - 15 = -0*y. Let z be v(y). Suppose -6*x + r = -2*x - 57, z*r + 72 = 4*x. Is x composite?
False
Let n(m) = -167*m + 4. Let u be n(-5). Suppose 5 = -v + 543. Let l = u - v. Is l a composite number?
True
Suppose 5*l + 4413 = 3*b - b, -3*b + 5*l = -6622. Is b composite?
True
Suppose -3*u - 4*v - 7632 = 0, 3*v = 5*u + 4*v + 12703. Let a = u - -3699. Is a composite?
True
Let u = -23 + 45. Let d = 29 + u. Is d composite?
True
Suppose o = 33 + 132. Let w(t) = 2*t - 10. Let x be w(8). Suppose -x*a + o = -a. Is a composite?
True
Let n(d) = -63*d - 115. Is n(-26) prime?
True
Let t be 4037 + -1 - (15 - 14). Let f = t + -628. Is f prime?
True
Suppose 0 = -9*j + 8*j + 99. Let m(p) = -p**2 - 7*p + 4. Let h be m(-7). Suppose 361 = h*d - j. Is d composite?
True
Suppose 2*s = 4*x - 0*s + 622, -627 = 4*x - s. Is (x/(-5))/(4/20) a composite number?
True
Suppose -4*j - 2*o - 10 = 0, -7*o - 11 = -j - 12*o. Suppose 5*n + 10 = 0, -5*n = -4*z - 4*n + 238. Let l = j + z. Is l composite?
True
Let g(t) = t**2 - 52. Let o be g(-14). Is (-21 - -19) + o + -1 prime?
False
Suppose -5*b + 2*h = -0*h - 6251, -4*h - 2494 = -2*b. Let i = b - 748. Is i a prime number?
True
Let n(j) be the first derivative of 73*j**3/3 - j**2 - 6*j - 41. Is n(4) prime?
False
Let i be (-12)/(-10)*(-90)/2. Suppose -19*g - 1775 = 3260. Let y = i - g. Is y a composite number?
False
Let g(v) = -6*v + 2. Let x(d) = d. Let s(u) = g(u) + 5*x(u). Let h be s(6). Is 20 - (-2)/h*2 a prime number?
True
Suppose 2*x = 2*v - 0*v - 8, -4*v = 4. Let i(j) = -51*j - 4. Is i(x) a prime number?
True
Let i(q) = 2*q**3 - 2*q**2 + 2. Let c(a) = -2*a**3 + 3*a**2 - a - 1. Let x(s) = -5*c(s) - 4*i(s). Is x(11) a composite number?
False
Let l(q) be the third derivative of -q**6/120 - 4*q**5/15 + q**4/24 + 7*q**3/3 - 13*q**2. Let u be l(-16). Is ((-3)/u + -2)*-74 composite?
False
Let i be 2/(-3) + (-126)/(-27). Suppose -i = -t - 1. Suppose 4*p = -t + 59. Is p prime?
False
Suppose -b + 868 = -5*m + 61, 3*m = 0. Is b a composite number?
True
Let m = 2146 + -407. Is m a prime number?
False
Suppose 7 = -g - 0. Let c(r) = 16*r**2 - 9*r - 1. Let k be c(g). Suppose 4*b = -z + 642, -4*b - 5*z - 212 = -k. Is b a composite number?
True
Let u(f) = -f**3 + 34*f**2 - 60*f - 4. Is u(25) a composite number?
True
Suppose 1124 = -3*t - x, 6*x - 1862 = 5*t + 2*x. Let i be (0 + -7)*(-295)/413. Is 2*-1 - (t - i) composite?
True
Let w = 31214 - -27095. Is w a prime number?
True
Suppose -311*s - 9381 = -314*s. Is s composite?
True
Let n be 78/(-3)*2/(-4). Suppose 7 + n = 4*f. Suppose -i + 1038 = i - m, f*i = -3*m + 2617. Is i prime?
True
Suppose -3*m - 2 = 1. Let x(s) = 1 + 2370*s**2 - 36*s - 904*s**2 + 37*s + 375*s**2 + 1196*s**2. Is x(m) prime?
True
Let h be (4 - 2)*(-3949)/(-22). Let b(x) = -5*x**2 + 4*x - 4. Let j be b(-4). Let g = j + h. Is g a prime number?
False
Suppose -3*q - 47 = -1169. Let f = 15 + q. Is f prime?
True
Let n = -9333 + 15476. Is n a prime number?
True
Let d be (2/2)/(2/22). Let x = d - 8. Let b = x - -16. Is b a prime number?
True
Let l(r) = -3*r**2 + 6. Let f be l(-2). Is (148/f)/((5 - 2)/(-9)) a composite number?
True
Suppose 6*i = 7*i. Suppose i = -0*w - w + 149. Is w a prime number?
True
Suppose d + 3237 = 992. Is (1 + 0 - 0)/((-5)/d) composite?
False
Suppose 5*y + 233435 = 10*y - 3*s, 3*y - 140060 = 2*s. Suppose 14038 = -12*n + y. Is n a prime number?
False
Let x be (10/4 + 0)*24/12. Let v(w) = 21*w**3 + 6*w**2 - 2*w + 12. Is v(x) a prime number?
True
Let z(a) = -2*a + 0 + 2*a**2 - a**3 + 2*a - 1 + a. Is z(-11) a prime number?
False
Let m(t) = -t**2 - 4*t - 3. Let v be m(-3). Suppose -3*a - a + 5392 = v. Suppose k + 3*k = a. Is k a composite number?
False
Suppose -3*p - 3 = 6. Let l(x) = 250*x**2 + x + 4. Is l(p) prime?
True
Let w(s) = -s**2 + 8*s - 6. Suppose 0 = 5*y - 21 - 9. Let h be w(y). Is (847/33)/(2/h) prime?
False
Let o(x) = 10*x**2 - 17*x + 23. Let z be o(12). Suppose -8*v + z + 1565 = 0. Is v a prime number?
True
Suppose 2*q - 5*o + 4 = -10, -2*q = o - 10. Let z(l) be the first derivative of 9*l**2 + 3*l - 1. Is z(q) composite?
True
Let f = -1831 - -4352. Is f a prime number?
True
Suppose -3*k + 25 = 2*k. Suppose -3*p - p + t + 1269 = 0, -k*p = -t - 1587. Suppose p = 2*n - 0*n. Is n a composite number?
True
Let v = -34149 - -59548. Is v prime?
False
Let x(t) = -t. Let a be x(-2). Suppose -6*n + a*n = -8236. Is n prime?
False
Suppose -24*n = -28*n + 1816. Is n composite?
True
Let m be ((-2)/(-3)*12)/2. Suppose -795 = -2*s - s. Suppose a - s = -m*a. Is a a composite number?
False
Let x(m) = m + 2155. Is x(0) a composite number?
True
Let s be 1874/4 - (-18)/12. Suppose -5*y = -3*t - 2553 + s, 0 = -4*y - 4*t + 1692. Is y composite?
False
Let s(l) = -767*l**3 + 2*l**2 - l - 2. Let w be s(-1). Suppose 2*b + k = -3*k + 378, 4*b - 4*k - w = 0. Is b composite?
False
Let j(g) = -2*g - 6 + 72*g**2 + 23*g**2 + 26*g**2. Is j(3) prime?
False
Suppose -4*s - 2216 = 40. Let l = s - -971. Is l a prime number?
False
Let h = 14564 + -5997. Is h composite?
True
Suppose 4 = -h + 5*u, -3*h + 0*u - 5*u - 72 = 0. Let y = -16 - h. Suppose -2*n + 454 = -4*m, -4*n + 932 = -y*m + m. Is n composite?
True
Let t(c) be the second derivative of 3*c**5/20 - 5*c**4/12 + c**3/6 + 3*c**2/2 - 4*c. Is t(4) a prime number?
False
Let w(m) = 256*m + 189. Is w(19) a prime number?
False
Suppose -j - 5 = -17. Is 5015/20 + 3/j composite?
False
Suppose 4*o = -5*j + 6*j + 19625, j = 5*o - 24532. Is o prime?
False
Suppose -f + 14 = -4*k, -f + 2 = 4. Is ((-4614)/(-4))/((-6)/k) prime?
True
Let j(v) = 112*v - 197. Is j(40) composite?
False
Let o(t) = 100*t**2 - 3*t + 9. Let y be o(-5). Suppose -h + y = 3*h. Is h prime?
True
Suppose 5*k - 38041 = -3*y, 27712 + 23044 = 4*y - 2*k. Is y prime?
False
Is 35983/7 + (-84)/(-147) prime?
False
Let p = 343 - 51. Let r = p - 443. Is -1 + 3 + (2 - r) prime?
False
Let b(k) = 3*k**2 - 7*k + 1. Let t be b(4). Suppose -2*x + 565 = -t. Is x a composite number?
False
Suppose 0 = -5*z + 16 - 1. Suppose -9 = -2*f - m, -m - m = -f - 3. Suppose 3*l = f*d - 303, z*d + 3*l - 418 = -d. Is d prime?
True
Suppose -5*g - 16 - 44 = 0. Let k be 38*3/g*2. Let q = k + 38. Is q a prime number?
True
Let p(a) be the first derivative of 327*a**2 + a + 8. Is p(1) c